).
121
Let g(l) = -37*l - 1979. What is g(-24)?
-1091
Let v(r) = -r**3 - 6*r**2 + 10*r + 49. Give v(-4).
-23
Let w(n) = -57*n - 139. Give w(4).
-367
Let t(m) = -1028*m - 12387. Give t(-12).
-51
Let v(n) = 2370*n - 149315. Determine v(63).
-5
Let c(r) = 785*r + 3050. Determine c(-4).
-90
Let y(o) = -39*o + 52. Give y(6).
-182
Let x(y) = -12*y**2 - y - 1. Calculate x(-1).
-12
Let a(x) = 137*x - 39. What is a(2)?
235
Let o(l) = -854*l - 4112. What is o(-5)?
158
Let p(v) = -209*v + 2338. Determine p(11).
39
Let a(h) = -4*h**3 - 20*h**2 + 4*h + 60. Give a(-5).
40
Let h(t) = -t**3 - 3*t**2 - 3*t + 61. What is h(0)?
61
Let f(l) = l**3 + 7*l**2 - 2*l - 7. Determine f(-3).
35
Let w(l) = 4*l - 168. Give w(37).
-20
Let m(l) = -283*l + 910. Calculate m(5).
-505
Let c(o) = 47*o**2 - 1368*o + 144. Determine c(29).
-1
Let h(o) = -11*o**2 + 37*o - 39. Calculate h(1).
-13
Let w(b) = b**2 - 974*b + 5810. What is w(6)?
2
Let y(t) = 20*t - 197. Determine y(9).
-17
Let o(x) = -81*x - 159. Give o(-8).
489
Let w(u) = 30*u + 2530. Calculate w(-85).
-20
Let t(n) = -12*n**3 - n**2 + 47*n - 49. What is t(1)?
-15
Let d(p) = 55*p + 5595. Determine d(-102).
-15
Let n(s) = -12*s**2 + 191*s - 775. Determine n(7).
-26
Let q(d) = 2279*d + 47857. Give q(-21).
-2
Let r(h) = -h**3 + 126*h**2 - 120*h + 15121. Calculate r(126).
1
Let u(g) = -2*g**3 - 23*g**2 - 12*g + 1. Give u(-11).
12
Let c(o) = 5*o**2 - 105*o - 656. What is c(26)?
-6
Let o(t) = t**2 + 60*t + 574. Give o(-15).
-101
Let u(f) = -5*f**2 + 555*f - 86. Determine u(111).
-86
Let o(y) = 5*y + 74. Give o(15).
149
Let j(v) = v**3 + 14*v**2 + 8*v + 5. Determine j(-7).
292
Let k(f) = 1828*f + 7290. Calculate k(-4).
-22
Let z(f) = -f**3 - 6*f**2 + 417*f + 2112. Determine z(-5).
2
Let q(g) = 63*g**3 + 7*g**2 - 14*g - 41. Give q(-2).
-489
Let v(f) = -f**2 - 774*f - 5376. Determine v(-7).
-7
Let h(k) = 18*k**2 - 585*k + 281. Calculate h(32).
-7
Let h(i) = 44*i**2 - 1674*i + 41. Calculate h(38).
-35
Let v(o) = -68*o - 7341. Calculate v(-109).
71
Let v(u) = u**3 - 62*u**2 - 83*u + 1271. What is v(63)?
11
Let g(n) = 28*n**2 - 12*n + 4. What is g(-2)?
140
Let d(w) = w**3 - 112*w**2 + 229*w - 979. Give d(110).
11
Let k(h) = -48*h**2 - 378*h + 34. Determine k(-8).
-14
Let v(a) = -259*a + 282. Calculate v(1).
23
Let b(s) = -s**3 + 19*s**2 + 403*s - 7445. Give b(22).
-31
Let z(f) = -f**2 + 45*f - 373. Give z(11).
1
Let v(h) = -11*h + 49. Determine v(4).
5
Let w(k) = 56*k - 4032. What is w(75)?
168
Let n(f) = 2*f**2 + 25*f - 7. What is n(-9)?
-70
Let n(z) = -z**3 - 10*z**2 + 35*z + 94. Give n(-12).
-38
Let h(q) = -q**3 + 25*q**2 + 69*q - 414. Calculate h(-5).
-9
Let s(z) = 659*z - 667. Determine s(1).
-8
Let u(h) = -14*h - 35. What is u(-9)?
91
Let f(i) = i**3 + 19*i**2 - 28*i + 129. Determine f(-20).
289
Let l(v) = v**3 + 4*v**2 + 23*v + 126. Calculate l(-4).
34
Let t(w) = -21*w + 348. What is t(17)?
-9
Let b(t) = -262*t - 431. Determine b(-1).
-169
Let y(p) = p**3 - 12*p**2 + 51*p - 108. What is y(7)?
4
Let o(d) = 2*d**2 + 161*d - 1304. Give o(-88).
16
Let w(x) = 36*x**2 + 240*x + 8. What is w(-6)?
-136
Let l(w) = 7*w + 16. What is l(5)?
51
Let v(k) = 5*k - 294. Give v(59).
1
Let w(z) = -14*z**2 - 26*z + 88. Give w(3).
-116
Let i(n) = n**3 + 89*n**2 - 87*n + 230. What is i(-90)?
-40
Let d(l) = -769*l + 763. What is d(1)?
-6
Let g(h) = -13*h + 216. Give g(20).
-44
Let n(w) = w**3 - 11*w**2 - 2*w - 2. Determine n(11).
-24
Let d(s) = -2*s**2 - 48*s - 2. Calculate d(-20).
158
Let n(q) = q**2 - 15*q - 660. Determine n(34).
-14
Let z(k) = -17*k**2 + 12*k - 44. Calculate z(5).
-409
Let m(u) = -47*u**3 - 88*u**2 - 4*u. Give m(-2).
32
Let f(n) = 53*n - 951. Calculate f(19).
56
Let l(w) = 2*w**3 - 100*w**2 + 97*w - 41. What is l(49)?
-90
Let d(s) = -8*s**2 - 68*s + 188. Give d(2).
20
Let a(n) = n**3 - 6*n**2 - 20*n + 119. Determine a(4).
7
Let n(y) = 4354*y - 4365. Determine n(1).
-11
Let p(y) = -39*y + 52. What is p(1)?
13
Let z(a) = 967*a - 5803. Determine z(6).
-1
Let k(f) = -2*f**2 + 41*f - 192. Calculate k(5).
-37
Let k(g) = -3*g**2 - 29*g - 252. Determine k(-9).
-234
Let b(n) = n**2 + 59*n + 781. Determine b(-16).
93
Let c(v) = -218*v + 2841. Calculate c(13).
7
Let b(v) = -v**3 - 16*v**2 - 23*v + 8. Give b(-15).
128
Let c(m) = -2*m**3 + 60*m**2 + 58*m + 103. Determine c(31).
-21
Let s(m) = 13*m + 900. Calculate s(-70).
-10
Let c(y) = -4*y**2 - 139*y + 36. Determine c(-35).
1
Let s(h) = 2*h**3 - 4*h**2 - 17*h. What is s(4)?
-4
Let q(i) = -i**3 + 9*i**2 - 42*i + 9. Calculate q(3).
-63
Let u(p) = p**2 + 84*p - 254. Determine u(-87).
7
Let p(q) = 20*q**3 - 22*q**2 - 45*q + 44. Determine p(1).
-3
Let q(s) = -227*s + 1836. What is q(8)?
20
Let i(z) = 356*z**2 - 3*z + 4. What is i(1)?
357
Let q(f) = 1349*f + 107917. Determine q(-80).
-3
Let h(m) = -m - 48. Calculate h(-52).
4
Let x(z) = -1802*z + 12573. What is x(7)?
-41
Let u(s) = -5*s**2 + 131*s - 373. Determine u(3).
-25
Let c(h) = -h**2 - 34*h + 1. Determine c(-20).
281
Let q(s) = -s**3 - 56*s**2 - 661*s + 73. What is q(-39)?
-5
Let p(q) = 2*q**3 - 74*q**2 - 527*q + 468. Give p(43).
-5
Let c(u) = 1100*u + 7696. Give c(-7).
-4
Let c(u) = -253*u - 91. Give c(-3).
668
Let q(z) = -z**3 + 6*z**2 + 104*z - 538. What is q(11)?
1
Let p(m) = m**3 + 2*m**2 + 5*m - 3. What is p(2)?
23
Let z(f) = -f**2 + 57*f - 647. Determine z(38).
75
Let n(j) = 97*j + 2037. Give n(-21).
0
Let l(f) = f**3 - 42*f**2 + 98*f - 756. Give l(40).
-36
Let p(j) = -2*j**2 - 50*j - 47. What is p(-24)?
1
Let v(a) = 134*a**2 + 907*a + 17. Give v(-7).
234
Let r(s) = -1656*s - 13233. What is r(-8)?
15
Let z(i) = 3*i**3 + 43*i**2 + 107*i - 46. Calculate z(-11).
-13
Let n(b) = -24747*b + 74246. Give n(3).
5
Let l(i) = i**3 - 8*i**2 - 7*i + 12. Determine l(8).
-44
Let d(h) = -5*h**3 - 33*h**2 - 8*h - 5. Calculate d(-5).
-165
Let v(m) = 5*m + 91. What is v(17)?
176
Let y(i) = -i**3 - 101*i**2 - 411*i - 2233. What is y(-97)?
-2
Let n(v) = -2*v**3 + 59*v**2 - 33*v + 120. What is n(29)?
4
Let i(u) = -u**3 - 52*u**2 - 3*u - 160. Calculate i(-52).
-4
Let z(u) = u**2 + 7*u + 376. Determine z(-18).
574
Let i(u) = -20*u - 222. Calculate i(-11).
-2
Let c(b) = -2*b**2 + 43*b - 233. What is c(8)?
-17
Let d(g) = 9*g + 197. What is d(-23)?
-10
Let j(t) = -t**2 - 242*t - 7791. Calculate j(-204).
-39
Let d(a) = -a**2 - a + 257. Calculate d(13).
75
Let l(m) = 11*m**2 - 342*m - 33. Determine l(31).
-64
Let z(h) = -h**3 - 49*h**2 + 215*h + 169. Give z(-53).
10
Let h(t) = -4*t**2 + 268*t + 270. Give h(70).
-570
Let a(m) = -117*m**3 - m**2 - m - 1. Calculate a(1).
-120
Let w(d) = -45*d - 22. Determine w(1).
-67
Let q(x) = -3*x + 62. Give q(23).
-7
Let x(y) = -y**3 + 50*y**2 + 160*y - 67. What is x(53)?
-14
Let y(r) = -r**3 + r**2 + 6*r - 17. What is y(-6)?
199
Let o(i) = 62*i - 546. What is o(13)?
260
Let i(t) = t**3 + 5*t**2 - 2*t + 18. Calculate i(-6).
-6
Let n(g) = -g**2 - 422*g - 8451. Give n(-21).
-30
Let p(r) = -4*r - 657. Give p(28).
-769
Let u(r) = 6*r**2 - 186*r + 1495. Give u(8).
391
Let h(z) = z**3 - 9*z**2 + 24*z - 82. Calculate h(7).
-12
Let j(q) = 391*q + 1170. Give j(-3).
-3
Let v(x) = -10*x**2 - 123*x - 48. Give v(-12).
-12
Let c(p) = -277*p + 4214. What is c(16)?
-218
Let y(k) = -k**3 + 2*k**2 + 2*k - 3. Determine y(1).
0
Let h(r) = r**3 + 9*r**2 - 54*r - 428. What is h(-6)?
4
Let m(r) = -r**2 - 24*r - 84. Give m(-10).
56
Let r(g) = g**3 - 10*g**2 + 18*g + 36. What is r(7)?
15
Let z(d) = 3*d**2 - 114*d - 634. Determine z(43).
11
Let c(m) = 13*m - 50. Determine c(4).
2
Let y(q) = q**3 - 73*q**2 - 6*q + 430. Give y(73).
-8
Let b(o) = -15*o + 716. Calculate b(50).
-34
Let t(g) = g**3 - 14*g**2 + 38*g + 16. Give t(10).
-4
Let c(g) = -8*g**2 + 480*g - 1366. Determine c(3).
2
Let n(b) = -7*b**3 + 9*b**2 - 7*b - 1. Give n(-4).
619
Let u(n) = -42*n + 2106. Calculate u(27).
972
Let t(p) = -p**2 + 56*p - 727. What is t(36)?
-7
Let l(a) = -66*a + 1326. Give l(20).
6
Let r(l) = 25*l + 2210. Determine r(-99).
-265
Let t(o) = 37*o**3 - 6*o**2 + 3*o + 5. Determine t(1).
39
Let y(t) = -t**3 - 15*t**2 - 8*t - 2. What is y(-14)?
-86
Let u(x) = -4*x**2 - 71*x - 338. Determine u(-9).
-23
Let w(j) = 3*j**3 + 83*j**2 - 213*j + 44. What is w(-30)?
134
Let q(p) = -p**2 - 14*p - 10. Give q(-6).
38
Let x(i) = -181*i + 73. What is x(0)?
73
Let l(j) = j**3 + 2*j*